pose -b + 4*b = 4*m - 31, -17 = 2*m + s*b. Suppose -m*w + 2*w + 88 = 2*p, -3*p = -4*w + 211. Is w a composite number?
True
Is -2 - (-153 - (0 - 2)) composite?
False
Let s(j) = 161*j - 10. Let d be s(7). Suppose -5*b + 383 = -d. Let i = b - 161. Is i prime?
True
Suppose -i - 8 = -5*q + 17, -4*i - 36 = -4*q. Suppose -2*f = -8, 2*g - 2 = 5*f - q. Is g prime?
False
Let o be (-969)/(-2)*(-12)/9. Let z = o + 1097. Let k = z + -260. Is k a composite number?
False
Suppose y + 28 = -2*x + 5*x, -5*x - 2*y + 65 = 0. Is x a prime number?
True
Let s(t) = 33*t**2 - 4*t - 2. Is s(-3) a composite number?
False
Suppose -138 = -g - g. Is g prime?
False
Let s be 0/3 + 9/1. Let z = s - -12. Is z composite?
True
Let k(h) = -h + 3. Let v be k(0). Suppose -v*r + t = -0*r + 205, 5*t + 63 = -r. Let n = 99 + r. Is n a composite number?
False
Let c(g) = -g - 2*g + 131*g**2 + 7 - 128*g**2. Is c(-8) prime?
True
Let g(t) = t**2 - t - 2. Let o be g(-2). Suppose -p = 45 - o. Let m = 12 - p. Is m prime?
True
Suppose 3*b = -4*v + 4907, -4*b + v + 6547 = 2*v. Is b a prime number?
True
Let l(k) = -4*k - 13. Let p(i) = -5*i - 13. Let m(b) = -6*l(b) + 5*p(b). Is m(0) composite?
False
Suppose -5*g + 2*c + 17 = -0*c, -2*g + 1 = 5*c. Suppose -g*u + 2 = -4*u. Is (-67)/(u/(2 + 0)) prime?
True
Let q(c) = 1271*c**2 - 3*c - 3. Is q(-1) composite?
True
Let d(m) = 15*m - 8. Let w be d(10). Let g = 7 + w. Is g a prime number?
True
Let s be -1 + (1 - -2) + 34. Is 3 - 9/(s/(-1064)) a composite number?
False
Let f(s) = 14*s. Let b be f(1). Let y = -8 + b. Is y a composite number?
True
Suppose 0 = 5*k - 0*k. Suppose -2*z + 0*a + a + 9 = k, 3*a = z - 2. Suppose 0 = z*x + 5*o - 105, 0*x - o = 4*x - 90. Is x a prime number?
True
Suppose h + 0 = -7. Let p(k) = 2*k**2 + k + 4. Is p(h) composite?
True
Suppose -a + 20 = 1. Suppose 5*m - 4*b + 80 - a = 0, 0 = 3*m + 4*b + 11. Let u(r) = r + 12. Is u(m) prime?
True
Suppose 15 = -3*q - 5*w + 2*w, -5*w = 25. Suppose -2*y + 28 = -q*y. Let r = y - 1. Is r prime?
True
Let y be (-2)/(118/114 - 1). Let p = y + 92. Is p a prime number?
False
Suppose -5 = 5*s + 5*n, -2*n - 2 = -s - 6. Let i be (-28)/(-8) - s/4. Suppose -3*w = -5*l - 16 - 58, i*w - 3*l = 95. Is w composite?
False
Let i(h) = 1375*h**3 + 2*h + 5. Let w(k) = -2062*k**3 - 3*k - 8. Let z(s) = -8*i(s) - 5*w(s). Is z(-1) prime?
True
Suppose 135 = 4*b - 5*t, -1 = -0*t - t. Is b a composite number?
True
Let g(n) = 4*n**2 - n. Let b be g(-1). Let f(y) = -y**3 + 5*y**2 + 2*y - 2. Let u be f(b). Suppose -4*q - u = -4, -2*l = -5*q - 175. Is l a prime number?
False
Is -5 - 8/(-2) - -90 a composite number?
False
Is (-1)/(-3) + (-10804)/(-6) a composite number?
False
Suppose 5 = -3*i + 17. Let q = 0 - -2. Suppose q*s + i*r = 22, 5*s + r - 23 = -4. Is s composite?
False
Let z = 3 - 1. Suppose 3*t - 155 = -z*h, 57 = h + t - 21. Is h a prime number?
True
Suppose -2*p = -9 - 5. Suppose -1062 = -p*k + k. Is k a prime number?
False
Let t(x) = x + 6. Let k be t(-9). Let c(a) = -9*a**3 - 4*a**2 - 4. Is c(k) a composite number?
True
Let f(t) = -14*t**2 - 5*t + 1. Let m(p) = -p. Let l = -2 - -1. Let n(g) = l*f(g) + 3*m(g). Is n(2) prime?
True
Let r(q) = q**2 - 5*q + 3. Let d be r(5). Suppose -d*a = -0*a - 231. Is a composite?
True
Let b be -2 - (-1)/(-1) - -25. Let c(i) = 2*i - 7*i - b*i - 4. Is c(-3) a composite number?
True
Suppose 4*y - 436 + 120 = 0. Is y composite?
False
Suppose 9*h = 5*h + 268. Is h composite?
False
Let r = -358 + 609. Is r prime?
True
Suppose -2*n = -4*c - 98, n - 4*n + c = -152. Is n a composite number?
True
Let m(v) = -v**3 - 2*v**2 + v + 5. Let i = -4 + 0. Is m(i) composite?
True
Suppose -3*g + 2*g - 5 = 2*v, 0 = g - 4*v - 19. Suppose -3*b - 60 = -0*t - g*t, -4*t - b + 75 = 0. Is t prime?
True
Let l = -5338 + 7629. Is l composite?
True
Let t(h) = -2*h + 15. Let o(i) = -4*i + 30. Let s(g) = 3*o(g) - 5*t(g). Suppose -2*l - 33 = l. Is s(l) composite?
False
Let c be ((-8)/(-10) - 2)*-125. Suppose -4*y + 62 = -c. Is y a prime number?
True
Suppose -3*m + 321 = -357. Suppose 0 = -0*d + 2*d - m. Is d prime?
True
Let y(t) = -t**3 + 2*t**2 + 3*t - 2. Let l be y(3). Let k(g) = -88*g + 3. Is k(l) prime?
True
Suppose -b - 3*g = -2609, 0 = 3*b - 0*g + 2*g - 7827. Is b composite?
False
Let b(p) = 54*p**3 - p**2 + 2. Is b(1) a prime number?
False
Let r(c) = c**2 + 3*c - 7. Let x(j) = 2*j + 9. Let y be x(-7). Let v be r(y). Suppose v*i - 4*z = 16 + 43, 0 = 5*i + 5*z - 110. Is i prime?
False
Suppose 3*d - 4*l = -0*d + 241, d - 3*l - 82 = 0. Suppose 46 - 6 = 5*r. Suppose 0 = -5*z + 4*n + 113 + r, 4*n - d = -3*z. Is z a composite number?
True
Let m(l) = 9*l + 1. Is m(14) a prime number?
True
Suppose 0 = -o + 3*i - 7, -i - 29 = 3*o - 2*i. Is 4/o + 554/10 a prime number?
False
Let v be 864/(-8)*6/(-4). Suppose -v = -5*o + 3. Suppose o + 32 = w. Is w prime?
False
Suppose -n + 2*i - 240 = 0, 0*i - 5*i + 1185 = -5*n. Let b = n - -397. Is b a prime number?
True
Let i = 4 + -1. Let o be i + (1 - 0/1). Suppose 0 = -t + 3, 5*v = o*t + 122 + 321. Is v a composite number?
True
Suppose -4*u - 3194 = -h - 259, -4*u + 4 = 0. Is h composite?
False
Suppose -2 = p, u + 3*p = 179 + 866. Suppose -u = 3*h - 2*i - 2952, 1270 = 2*h - 4*i. Is h a prime number?
False
Let h(t) = 2*t**3 + t**2 - t - 1. Let y be h(-1). Let s be (2/2 - y) + 3. Suppose -s*n + 98 = -3*n + j, 4*n + 3*j - 200 = 0. Is n a composite number?
False
Let x(w) = -w**3 + 11*w**2 - 3*w + 10. Is x(-9) a composite number?
False
Suppose -2*p + 0*n - 5*n = -157, -4*p + 5*n + 389 = 0. Is p a composite number?
True
Let q be (3/(-6))/(2/(-4)). Let w be -5 - -2 - (-3 + q). Is (130 + -3)*w/(-1) prime?
True
Let f = -3720 + 7109. Is f a prime number?
True
Suppose -3*x = 3*y - 39, -2*x - 3*y = y - 22. Suppose x + 17 = 2*m. Suppose 3*c = 7*c - m. Is c a prime number?
False
Let q be (-2104)/(-14) - 2/7. Suppose i - 6*i = -q. Suppose 2*x - i = 44. Is x prime?
True
Let n(p) be the second derivative of -4*p**3 - p**2 - p. Is n(-4) a composite number?
True
Is -5*2/(-10)*521 prime?
True
Let c(r) = -r + 4. Is c(-15) a prime number?
True
Let v = -65 - -244. Is v a composite number?
False
Let a(w) = -3*w**2 - 9*w + 1. Let h(v) = -3*v**2 - 10*v. Let d(q) = -6*a(q) + 5*h(q). Is d(5) prime?
True
Suppose 4*m - 642 = -2*m. Suppose -l + 92 = -m. Is l composite?
False
Suppose -2*f = -5*f + 3. Suppose 2*p + f = -4*k - 5, 3*p = k + 5. Suppose -p = z - 7. Is z composite?
True
Suppose 0 = 3*l + 15, -f + 4 + 14 = -3*l. Suppose -f*z - 3 + 30 = 0. Is 2/(-3) - (-141)/z a prime number?
False
Let v be (1/2)/(1/4). Suppose -2*p + 3 = 19. Is (-828)/p*v/3 a prime number?
False
Let s(f) = -448*f**2 + 3*f + 9. Let k(y) = -224*y**2 + 2*y + 5. Let t(n) = 5*k(n) - 3*s(n). Is t(1) a prime number?
True
Let c(b) = b**2 + b + 26. Is c(0) prime?
False
Suppose -3*q + 4*g = 10, 4*q = 4*g - 2*g. Suppose -q*b + 66 = -3*v, 0*b + 4*v = -4*b + 132. Let l = b + -10. Is l a prime number?
True
Let b(h) = 10*h - 7. Suppose -j + 2 + 0 = 0. Let t = 4 + j. Is b(t) prime?
True
Suppose 3*l - 8 - 19 = -4*h, 0 = -3*h - l + 14. Suppose -2*v - 28 = -0*j - h*j, 0 = -j + 2*v + 8. Is j prime?
False
Suppose -6*v + 932 = -1816. Is v composite?
True
Let w = 14 + -12. Suppose -3*o + 277 = -4*p, -4*o - w*p = -376 + 14. Is o a prime number?
False
Let k = 7 - 5. Let l = 11 - k. Is l composite?
True
Let u = 341 - 136. Is u a composite number?
True
Let y(l) = 2*l - 4. Let g be y(4). Suppose -g*n + 5*q - 5 = n, -13 = n - 4*q. Suppose -v - 1 = 2*i, n*i - 4 - 8 = -3*v. Is v prime?
False
Let f(c) = c**3 - 6*c**2 + 10*c. Is f(7) prime?
False
Let d(y) = -4*y**3 + y**2 + y. Let n be d(-1). Suppose 0 = n*a - 0*a - 2*u + 14, 4*a = 5*u - 23. Is (2/3)/(a/(-465)) composite?
True
Suppose 3*n - 3*f = -558, -5*n - 2*f = 551 + 386. Let h = 284 + n. Is h a composite number?
False
Suppose -4*t + 944 = -c, 0 = -5*t - 3*c + 4*c + 1179. Suppose -4*h + h = -2*a - t, -4*h - 2*a = -304. Is h a prime number?
False
Suppose 63 + 37 = 5*u. Suppose 2*t = -3*t + u. Is ((-6)/t)/((-3)/22) composite?
False
Let x(m) = 3*m - 3*m + 9 - 5*m. Let o be x(-7). Suppose -2*b - 2*b = -o. Is b a prime number?
True
Let a(x) = -x + 7. Let t be a(6). Let f = -3 - t. Is (-2)/f + 517/2 a composite number?
True
Suppose 2*i - 1 = 2*f - 5, 4*i + 4*f = 32. Suppose -q = -i*x + 9, -4*x + 2*q + 12 = q. Sup